{"id":2814,"date":"2025-09-25T13:36:55","date_gmt":"2025-09-25T13:36:55","guid":{"rendered":"https:\/\/naymocalor.com\/estufa-pellets\/levante\/"},"modified":"2025-09-25T13:36:55","modified_gmt":"2025-09-25T13:36:55","slug":"levante","status":"publish","type":"estufa-pellets","link":"https:\/\/naymocalor.com\/fr\/estufa-pellets\/levante\/","title":{"rendered":"LEVANTE"},"content":{"rendered":"<p>Un design industriel pour tous les environnements<\/p>\n<p>Description<br \/>\nLe Dielle Levante est un po\u00eale \u00e0 granul\u00e9s \u00e9tanche au design discret mais remarquable. Sa forme \u00e9l\u00e9gante et compacte s&rsquo;int\u00e8gre parfaitement dans tout environnement moderne. Dot\u00e9 d&rsquo;un plateau coulissant et d&rsquo;une porte vitr\u00e9e \u00e0 effet \u00ab\u00a0magique\u00a0\u00bb, il offre une exp\u00e9rience visuelle unique du feu. Sur demande, il peut \u00e9galement \u00eatre \u00e9quip\u00e9 d&rsquo;un kit de canalisation pour une distribution efficace de la chaleur.   <\/p>\n<p>Design contemporain avec vue sur le feu<br \/>\nProfitez d&rsquo;une vue claire et d\u00e9gag\u00e9e sur le feu, apportant chaleur et esth\u00e9tique \u00e0 votre int\u00e9rieur.<\/p>\n<p>Dimensions<\/p>\n<p>Hauteur : 1 010 mm<\/p>\n<p>Largeur : 480 mm<\/p>\n<p>Profondeur : 440 mm<\/p>\n","protected":false},"featured_media":2449,"template":"","categoria-pellets":[112,110],"class_list":["post-2814","estufa-pellets","type-estufa-pellets","status-publish","has-post-thumbnail","hentry","categoria-pellets-dielle-fr","categoria-pellets-gamme-air"],"_links":{"self":[{"href":"https:\/\/naymocalor.com\/fr\/wp-json\/wp\/v2\/estufa-pellets\/2814","targetHints":{"allow":["GET"]}}],"collection":[{"href":"https:\/\/naymocalor.com\/fr\/wp-json\/wp\/v2\/estufa-pellets"}],"about":[{"href":"https:\/\/naymocalor.com\/fr\/wp-json\/wp\/v2\/types\/estufa-pellets"}],"wp:featuredmedia":[{"embeddable":true,"href":"https:\/\/naymocalor.com\/fr\/wp-json\/wp\/v2\/media\/2449"}],"wp:attachment":[{"href":"https:\/\/naymocalor.com\/fr\/wp-json\/wp\/v2\/media?parent=2814"}],"wp:term":[{"taxonomy":"categoria-pellets","embeddable":true,"href":"https:\/\/naymocalor.com\/fr\/wp-json\/wp\/v2\/categoria-pellets?post=2814"}],"curies":[{"name":"wp","href":"https:\/\/api.w.org\/{rel}","templated":true}]}}

<p>Un design industriel pour tous les environnements</p>
<p>Description<br />
Le Dielle Levante est un poêle à granulés étanche au design discret mais remarquable. Sa forme élégante et compacte s&rsquo;intègre parfaitement dans tout environnement moderne. Doté d&rsquo;un plateau coulissant et d&rsquo;une porte vitrée à effet « magique », il offre une expérience visuelle unique du feu. Sur demande, il peut également être équipé d&rsquo;un kit de canalisation pour une distribution efficace de la chaleur.   </p>
<p>Design contemporain avec vue sur le feu<br />
Profitez d&rsquo;une vue claire et dégagée sur le feu, apportant chaleur et esthétique à votre intérieur.</p>
<p>Dimensions</p>
<p>Hauteur : 1 010 mm</p>
<p>Largeur : 480 mm</p>
<p>Profondeur : 440 mm</p>
